 {"id":9347,"date":"2022-02-17T16:19:06","date_gmt":"2022-02-17T19:19:06","guid":{"rendered":"https:\/\/www.justiciasantafe.gov.ar\/?page_id=9347"},"modified":"2025-05-12T06:39:46","modified_gmt":"2025-05-12T09:39:46","slug":"sisfe-autoconsulta-de-expedientes-aplicacion-movil-version-android","status":"publish","type":"page","link":"https:\/\/www.justiciasantafe.gov.ar\/index.php\/poder-judicial\/inicio\/sistema-de-autoconsulta-de-expedientes-del-poder-judicial-de-santa-fe\/sisfe-autoconsulta-de-expedientes-aplicacion-movil-version-android\/","title":{"rendered":"SISFE &#8211; Autoconsulta de expedientes  Aplicaci\u00f3n m\u00f3vil: Versi\u00f3n ANDROID"},"content":{"rendered":"<div class=\"row\"  id=\"row-1619632979\">\n\n\t<div id=\"col-1879239113\" class=\"col small-12 large-12\"  >\n\t\t\t\t<div class=\"col-inner\"  >\n\t\t\t\n\t\t\t\n<p><b><i>El Poder Judicial de la Provincia de Santa Fe puso a disposici\u00f3n -desde el 2019 &#8211; la aplicaci\u00f3n m\u00f3vil para la consulta de expedientes.<\/i><\/b><\/p>\n<div>La Corte Suprema de Justicia dispuso la habilitaci\u00f3n de la\u00a0aplicaci\u00f3n m\u00f3vil &#8220;SISFE &#8211; Autoconsulta de Expedientes&#8221; para telefon\u00eda m\u00f3vil desde\u00a0el 01.07.2019.<br \/>\nEn su\u00a0primera etapa, estuvo\u00a0disponible para dispositivos m\u00f3viles con sistema operativo Android.Su descarga podr\u00e1 ser realizada desde la respectiva tienda de aplicaciones.<\/div>\n<div><\/div>\n<ul>\n<li><a href=\"https:\/\/www.justiciasantafe.gov.ar\/wp-content\/uploads\/2022\/02\/CSJ20Acta20NC2B0202220-2011.6.19.pdf\">Acuerdo de la Corte Suprema de Justicia\u00a0(Acta N\u00b0 22, de fecha 11.6.2019)<\/a><\/li>\n<li><a href=\"https:\/\/www.justiciasantafe.gov.ar\/wp-content\/uploads\/2022\/02\/Acta205720p220-2023.12.1920.pdf\">Acuerdo de la Corte Suprema de Justicia\u00a0(Acta N\u00b0 57 p. 2, de fecha 23.12.2019)<\/a><\/li>\n<li><a href=\"https:\/\/www.justiciasantafe.gov.ar\/wp-content\/uploads\/2022\/02\/PresentaciC3B3n20SISFE20-20Autoconsulta20de20expedientes.pdf\">Presentaci\u00f3n &#8220;SISFE &#8211; Autoconsulta de Expedientes&#8221;\u00a0&#8211; versi\u00f3n Android<\/a><\/li>\n<li><a href=\"https:\/\/www.justiciasantafe.gov.ar\/wp-content\/uploads\/2022\/02\/Manual20de20usuario20aplicaciC3B3n20mC3B3vil20SISFE20v1.1.9.pdf\">Manual de usuario &#8211; versi\u00f3n Android<\/a><\/li>\n<li><a href=\"https:\/\/www.justiciasantafe.gov.ar\/index.php\/comunicado_de_prensa\/el-poder-judicial-de-santa-fe-pone-a-disposicion-la-aplicacion-movil-para-la-consulta-de-expedientes\/\">Comunicado de prensa<\/a><\/li>\n<li><a href=\"https:\/\/www.justiciasantafe.gov.ar\/wp-content\/uploads\/2022\/02\/difusiC3B3n20grC3A1fica.jpg\">Difusi\u00f3n gr\u00e1fica<\/a><\/li>\n<li><a href=\"https:\/\/www.justiciasantafe.gov.ar\/index.php\/sisfe-autoconsulta-de-expedientes-aplicacion-movil-version-android-politica-de-privacidad\/\">Pol\u00edtica de Privacidad<\/a><\/li>\n<\/ul>\n<div><\/div>\n<div style=\"text-align: right;\"><a href=\"https:\/\/www.justiciasantafe.gov.ar\/index.php\/poder-judicial\/inicio\/sistema-de-autoconsulta-de-expedientes-del-poder-judicial-de-santa-fe\/sisfe-autoconsulta-de-expedientes-aplicacion-movil-version-ios\/\"><em>Aplicaci\u00f3n m\u00f3vil:\u00a0\u00a0Versi\u00f3n iOS<\/em><\/a><\/div>\n\t\t<\/div>\n\t\t\t\t\t<\/div>\n\n\t\n<\/div>\n<div class=\"gsp_post_data\" data-post_type=\"page\" data-cat=\"\" data-modified=\"120\" data-title=\"SISFE &#8211; Autoconsulta de expedientes  Aplicaci\u00f3n m\u00f3vil: Versi\u00f3n ANDROID\" data-home=\"https:\/\/www.justiciasantafe.gov.ar\"><\/div>","protected":false},"excerpt":{"rendered":"","protected":false},"author":12,"featured_media":0,"parent":3488,"menu_order":0,"comment_status":"closed","ping_status":"closed","template":"","meta":{"_acf_changed":false,"footnotes":""},"class_list":["post-9347","page","type-page","status-publish","hentry"],"acf":[],"_links":{"self":[{"href":"https:\/\/www.justiciasantafe.gov.ar\/index.php\/wp-json\/wp\/v2\/pages\/9347","targetHints":{"allow":["GET"]}}],"collection":[{"href":"https:\/\/www.justiciasantafe.gov.ar\/index.php\/wp-json\/wp\/v2\/pages"}],"about":[{"href":"https:\/\/www.justiciasantafe.gov.ar\/index.php\/wp-json\/wp\/v2\/types\/page"}],"author":[{"embeddable":true,"href":"https:\/\/www.justiciasantafe.gov.ar\/index.php\/wp-json\/wp\/v2\/users\/12"}],"replies":[{"embeddable":true,"href":"https:\/\/www.justiciasantafe.gov.ar\/index.php\/wp-json\/wp\/v2\/comments?post=9347"}],"version-history":[{"count":0,"href":"https:\/\/www.justiciasantafe.gov.ar\/index.php\/wp-json\/wp\/v2\/pages\/9347\/revisions"}],"up":[{"embeddable":true,"href":"https:\/\/www.justiciasantafe.gov.ar\/index.php\/wp-json\/wp\/v2\/pages\/3488"}],"wp:attachment":[{"href":"https:\/\/www.justiciasantafe.gov.ar\/index.php\/wp-json\/wp\/v2\/media?parent=9347"}],"curies":[{"name":"wp","href":"https:\/\/api.w.org\/{rel}","templated":true}]}}