 {"id":9515,"date":"2022-02-18T12:18:11","date_gmt":"2022-02-18T15:18:11","guid":{"rendered":"https:\/\/www.justiciasantafe.gov.ar\/?page_id=9515"},"modified":"2023-11-02T09:02:19","modified_gmt":"2023-11-02T12:02:19","slug":"charla-por-el-dia-internacional-de-la-eliminacion-de-la-violencia-contra-la-mujer","status":"publish","type":"page","link":"https:\/\/www.justiciasantafe.gov.ar\/index.php\/poder-judicial\/prensa\/difusion-de-actividades-de-interes\/charla-por-el-dia-internacional-de-la-eliminacion-de-la-violencia-contra-la-mujer\/","title":{"rendered":"Charla por el D\u00eda Internacional de la Eliminaci\u00f3n de la Violencia contra la Mujer"},"content":{"rendered":"<div>\n<p><u><em><strong>PROGRAMA<\/strong><\/em><\/u><\/p>\n<p><strong>I: \u201cPensar con perspectiva de g\u00e9nero\u201d<\/strong><br \/>\n<strong>Horario:<\/strong>\u00a0de 10 a 11.30hs.<br \/>\n<strong>Expositoras:<\/strong>\u00a0Dra. Graciela Cama\u00f1o (Diputada Nacional, Consejera del Consejo de la Magistratura de la Naci\u00f3n); Dra. Mar\u00eda Eugenia Capuchetti (Jueza del Juzgado Federal en lo criminal y Correccional nro. 5) y Dra. Mar\u00eda Virginia Blando Figueroa (Abogada, Profesora de Derechos Humanos de la Facultad de Derecho de la Universidad Nacional de Rosario).<\/p>\n<p><strong>II: \u201cLegislando con perspectiva de g\u00e9nero\u201d<\/strong><br \/>\n<strong>Horario:<\/strong>\u00a0de 11:40 a 13hs.<br \/>\n<strong>Expositoras:\u00a0<\/strong>Dra. Norma Durango (Presidenta de la Comisi\u00f3n Banca de la Mujer de la Honorable C\u00e1mara de Senadores de la Naci\u00f3n); Dra. Brenda Austin (Diputada de la Naci\u00f3n) y Dra. Silvia Lospenatto (Vicepresidenta de la Comisi\u00f3n de Mujeres y Diversidad de la Honorable C\u00e1mara de Diputados de la Naci\u00f3n)<\/p>\n<p><strong>III: \u201cJuzgando con perspectiva de g\u00e9nero\u201d<\/strong><br \/>\n<strong>Horario:\u00a0<\/strong>16:15 hs.<br \/>\n<strong>Expositora:<\/strong>\u00a0Dra. Angela E. Ledesma, Jueza de la C\u00e1mara Federal de Casaci\u00f3n Penal.<br \/>\n<strong>Horario:\u00a0<\/strong>16:50 hs.<br \/>\n<strong>Expositora:<\/strong>\u00a0Dra. Ana Mar\u00eda Figueroa, Jueza de la C\u00e1mara Federal de Casaci\u00f3n Penal<br \/>\n<strong>Horario:<\/strong>\u00a017:00 hs.<br \/>\n<strong>Expositor:<\/strong>\u00a0Dr. Eugenio Ra\u00fal Zaffaroni, Juez de la Corte Interamericana de Derechos Humanos.<\/p>\n<p>Asimismo, se ha resuelto realizar de modo virtual el taller de perspectiva de g\u00e9nero de cumplimiento obligatorio para el Poder Judicial conforme la \u201c<em><strong>Ley Micaela de Capacitaci\u00f3n obligatoria en G\u00e9nero para todas las personas que integran los tres poderes del Estado<\/strong><\/em>\u201d (Ley 27.499) dirigido a magistrados\/as, funcionarios\/as y empleados\/as, dictado por la Oficina de la Mujer de la Corte Suprema de Justicia de la Naci\u00f3n. Se trata de una nueva versi\u00f3n del taller sobre perspectiva de g\u00e9nero y tiene una duraci\u00f3n de 15 d\u00edas h\u00e1biles.<\/p>\n<p>El taller se iniciar\u00e1\u00a0<strong>el d\u00eda 23 de noviembre de 2021 y finalizar\u00e1 el d\u00eda 21 de diciembre de 2021<\/strong>, puede realizarse en el horario que cada participante disponga, siguiendo el cronograma de actividades establecido que se encuentra en el aula virtual y cuenta con un\/a tutor\/a que acompa\u00f1a la actividad. Para acceder al campus virtual s\u00f3lo necesita conexi\u00f3n a internet y puede realizarlo desde cualquier dispositivo incluso celulares En los d\u00edas previos al inicio del taller las personas inscriptas recibir\u00e1n en su correo usuario y contrase\u00f1a para participar en el mismo. Hay un cupo m\u00e1ximo de 90 participantes.<\/p>\n<p>Para inscribirse al taller es necesario ingresar al siguiente link y completar los datos personales del interesado\/a:\u00a0<u><a href=\"https:\/\/servicios.csjn.gov.ar\/stp\/InformacionExternaAct.do?method=iniciaCargaParticipanteTallerWebMultiJurisdiccion&amp;idTallerWeb=3728\">https:\/\/servicios.csjn.gov.ar\/stp\/InformacionExternaAct.do?method=iniciaCargaParticipanteTallerWebMultiJurisdiccion&amp;idTallerWeb=3728<\/a><\/u><br \/>\nPor\u00a0cualquier\u00a0consulta\u00a0escribir\u00a0a:\u00a0<u><a href=\"mailto:comisiongenerocfcp@gmail.com\"><em><strong>comisiongenerocfcp@gmail.com<\/strong><\/em><\/a><\/u><\/p>\n<\/div>\n<div><\/div>\n<div>\n<h4 class=\"post-title\">Archivos<\/h4>\n<table class=\"twelve\">\n<tbody>\n<tr>\n<td>\n<ul class=\"link-list\">\n<li><a href=\"https:\/\/www.justiciasantafe.gov.ar\/wp-content\/uploads\/2022\/02\/7849.jpeg\" target=\"_blank\" rel=\"noopener\">Flyer difusi\u00f3n<\/a><\/li>\n<\/ul>\n<\/td>\n<\/tr>\n<\/tbody>\n<\/table>\n<\/div>\n<div class=\"gsp_post_data\" data-post_type=\"page\" data-cat=\"\" data-modified=\"120\" data-title=\"Charla por el D\u00eda Internacional de la Eliminaci\u00f3n de la Violencia contra la Mujer\" data-home=\"https:\/\/www.justiciasantafe.gov.ar\"><\/div>","protected":false},"excerpt":{"rendered":"<p>PROGRAMA I: \u201cPensar con perspectiva de g\u00e9nero\u201d Horario:\u00a0de 10 a 11.30hs. Expositoras:\u00a0Dra. Graciela Cama\u00f1o (Diputada Nacional, Consejera del Consejo de la Magistratura de la Naci\u00f3n); Dra. Mar\u00eda Eugenia Capuchetti (Jueza del Juzgado Federal en lo criminal y Correccional nro. 5) y Dra. Mar\u00eda Virginia Blando Figueroa (Abogada, Profesora de Derechos Humanos de la Facultad de [&#8230;]\n","protected":false},"author":12,"featured_media":0,"parent":532,"menu_order":0,"comment_status":"closed","ping_status":"closed","template":"","meta":{"_acf_changed":false,"footnotes":""},"class_list":["post-9515","page","type-page","status-publish","hentry"],"acf":[],"_links":{"self":[{"href":"https:\/\/www.justiciasantafe.gov.ar\/index.php\/wp-json\/wp\/v2\/pages\/9515","targetHints":{"allow":["GET"]}}],"collection":[{"href":"https:\/\/www.justiciasantafe.gov.ar\/index.php\/wp-json\/wp\/v2\/pages"}],"about":[{"href":"https:\/\/www.justiciasantafe.gov.ar\/index.php\/wp-json\/wp\/v2\/types\/page"}],"author":[{"embeddable":true,"href":"https:\/\/www.justiciasantafe.gov.ar\/index.php\/wp-json\/wp\/v2\/users\/12"}],"replies":[{"embeddable":true,"href":"https:\/\/www.justiciasantafe.gov.ar\/index.php\/wp-json\/wp\/v2\/comments?post=9515"}],"version-history":[{"count":0,"href":"https:\/\/www.justiciasantafe.gov.ar\/index.php\/wp-json\/wp\/v2\/pages\/9515\/revisions"}],"up":[{"embeddable":true,"href":"https:\/\/www.justiciasantafe.gov.ar\/index.php\/wp-json\/wp\/v2\/pages\/532"}],"wp:attachment":[{"href":"https:\/\/www.justiciasantafe.gov.ar\/index.php\/wp-json\/wp\/v2\/media?parent=9515"}],"curies":[{"name":"wp","href":"https:\/\/api.w.org\/{rel}","templated":true}]}}

Charla por el Día Internacional de la Eliminación de la Violencia contra la Mujer

<div>
<p><u><em><strong>PROGRAMA</strong></em></u></p>
<p><strong>I: “Pensar con perspectiva de género”</strong><br />
<strong>Horario:</strong> de 10 a 11.30hs.<br />
<strong>Expositoras:</strong> Dra. Graciela Camaño (Diputada Nacional, Consejera del Consejo de la Magistratura de la Nación); Dra. María Eugenia Capuchetti (Jueza del Juzgado Federal en lo criminal y Correccional nro. 5) y Dra. María Virginia Blando Figueroa (Abogada, Profesora de Derechos Humanos de la Facultad de Derecho de la Universidad Nacional de Rosario).</p>
<p><strong>II: “Legislando con perspectiva de género”</strong><br />
<strong>Horario:</strong> de 11:40 a 13hs.<br />
<strong>Expositoras: </strong>Dra. Norma Durango (Presidenta de la Comisión Banca de la Mujer de la Honorable Cámara de Senadores de la Nación); Dra. Brenda Austin (Diputada de la Nación) y Dra. Silvia Lospenatto (Vicepresidenta de la Comisión de Mujeres y Diversidad de la Honorable Cámara de Diputados de la Nación)</p>
<p><strong>III: “Juzgando con perspectiva de género”</strong><br />
<strong>Horario: </strong>16:15 hs.<br />
<strong>Expositora:</strong> Dra. Angela E. Ledesma, Jueza de la Cámara Federal de Casación Penal.<br />
<strong>Horario: </strong>16:50 hs.<br />
<strong>Expositora:</strong> Dra. Ana María Figueroa, Jueza de la Cámara Federal de Casación Penal<br />
<strong>Horario:</strong> 17:00 hs.<br />
<strong>Expositor:</strong> Dr. Eugenio Raúl Zaffaroni, Juez de la Corte Interamericana de Derechos Humanos.</p>
<p>Asimismo, se ha resuelto realizar de modo virtual el taller de perspectiva de género de cumplimiento obligatorio para el Poder Judicial conforme la “<em><strong>Ley Micaela de Capacitación obligatoria en Género para todas las personas que integran los tres poderes del Estado</strong></em>” (Ley 27.499) dirigido a magistrados/as, funcionarios/as y empleados/as, dictado por la Oficina de la Mujer de la Corte Suprema de Justicia de la Nación. Se trata de una nueva versión del taller sobre perspectiva de género y tiene una duración de 15 días hábiles.</p>
<p>El taller se iniciará <strong>el día 23 de noviembre de 2021 y finalizará el día 21 de diciembre de 2021</strong>, puede realizarse en el horario que cada participante disponga, siguiendo el cronograma de actividades establecido que se encuentra en el aula virtual y cuenta con un/a tutor/a que acompaña la actividad. Para acceder al campus virtual sólo necesita conexión a internet y puede realizarlo desde cualquier dispositivo incluso celulares En los días previos al inicio del taller las personas inscriptas recibirán en su correo usuario y contraseña para participar en el mismo. Hay un cupo máximo de 90 participantes.</p>
<p>Para inscribirse al taller es necesario ingresar al siguiente link y completar los datos personales del interesado/a: <u><a href="https://servicios.csjn.gov.ar/stp/InformacionExternaAct.do?method=iniciaCargaParticipanteTallerWebMultiJurisdiccion&amp;idTallerWeb=3728">https://servicios.csjn.gov.ar/stp/InformacionExternaAct.do?method=iniciaCargaParticipanteTallerWebMultiJurisdiccion&amp;idTallerWeb=3728</a></u><br />
Por cualquier consulta escribir a: <u><a href="mailto:comisiongenerocfcp@gmail.com"><em><strong>comisiongenerocfcp@gmail.com</strong></em></a></u></p>
</div>
<div></div>
<div>
<h4 class="post-title">Archivos</h4>
<table class="twelve">
<tbody>
<tr>
<td>
<ul class="link-list">
<li><a href="https://www.justiciasantafe.gov.ar/wp-content/uploads/2022/02/7849.jpeg" target="_blank" rel="noopener">Flyer difusión</a></li>
</ul>
</td>
</tr>
</tbody>
</table>
</div>
<div class="gsp_post_data" data-post_type="page" data-cat="" data-modified="120" data-title="Charla por el Día Internacional de la Eliminación de la Violencia contra la Mujer" data-home="https://www.justiciasantafe.gov.ar"></div>

<p>PROGRAMA I: “Pensar con perspectiva de género” Horario: de 10 a 11.30hs. Expositoras: Dra. Graciela Camaño (Diputada Nacional, Consejera del Consejo de la Magistratura de la Nación); Dra. María Eugenia Capuchetti (Jueza del Juzgado Federal en lo criminal y Correccional nro. 5) y Dra. María Virginia Blando Figueroa (Abogada, Profesora de Derechos Humanos de la Facultad de [&#8230;]
