 {"id":9519,"date":"2022-02-18T12:33:18","date_gmt":"2022-02-18T15:33:18","guid":{"rendered":"https:\/\/www.justiciasantafe.gov.ar\/?page_id=9519"},"modified":"2023-11-02T09:02:19","modified_gmt":"2023-11-02T12:02:19","slug":"derecho-genero-e-interdisciplina","status":"publish","type":"page","link":"https:\/\/www.justiciasantafe.gov.ar\/index.php\/poder-judicial\/prensa\/difusion-de-actividades-de-interes\/derecho-genero-e-interdisciplina\/","title":{"rendered":"Derecho, G\u00e9nero e Interdisciplina"},"content":{"rendered":"<p><b><i>Un abordaje en clave de Derechos Humanos<\/i><\/b><br \/>\n<a href=\"https:\/\/www.justiciasantafe.gov.ar\/wp-content\/uploads\/2022\/02\/CD_No-134-21-Aprueba-curso-acreditable-Derecho-Genero-e-Interdisciplina_-Un-abordaje-en-clave-de-derechos-humanos-12-04-2021.pdf\">LINK DE INTER\u00c9S:<\/a><\/p>\n<p>\/ckfinder\/userfiles\/files\/CD_N%C2%BA%20134-21%20Aprueba%20curso%20acreditable%20Derecho%2C%20G%C3%A9nero%20e%20Interdisciplina_%20Un%20abordaje%20en%20clave%20de%20derechos%20humanos%2012-04-2021.pdf<\/p>\n<p>&nbsp;<\/p>\n<h4 class=\"post-title\">Archivos<\/h4>\n<table class=\"twelve\">\n<tbody>\n<tr>\n<td>\n<ul class=\"link-list\">\n<li><a href=\"https:\/\/www.justiciasantafe.gov.ar\/wp-content\/uploads\/2022\/02\/7156.jpg\" target=\"_blank\" rel=\"noopener\">Derecho, G\u00e9nero e Interdisciplina cambios Final_Programa 01<\/a><\/li>\n<\/ul>\n<\/td>\n<\/tr>\n<tr>\n<td>\n<ul class=\"link-list\">\n<li><a href=\"https:\/\/www.justiciasantafe.gov.ar\/wp-content\/uploads\/2022\/02\/7157.jpg\" target=\"_blank\" rel=\"noopener\">Derecho, G\u00e9nero e Interdisciplina cambios Final_Programa 02<\/a><\/li>\n<\/ul>\n<\/td>\n<\/tr>\n<tr>\n<td>\n<ul class=\"link-list\">\n<li><a href=\"https:\/\/www.justiciasantafe.gov.ar\/wp-content\/uploads\/2022\/02\/7158.jpg\" target=\"_blank\" rel=\"noopener\">Derecho, G\u00e9nero e Interdisciplina cambios Final_Programa 03<\/a><\/li>\n<\/ul>\n<\/td>\n<\/tr>\n<\/tbody>\n<\/table>\n<div class=\"clear\"><\/div>\n<div class=\"line\"><\/div>\n<div><\/div>\n<div class=\"gsp_post_data\" data-post_type=\"page\" data-cat=\"\" data-modified=\"120\" data-title=\"Derecho, G\u00e9nero e Interdisciplina\" data-home=\"https:\/\/www.justiciasantafe.gov.ar\"><\/div>","protected":false},"excerpt":{"rendered":"<p>Un abordaje en clave de Derechos Humanos LINK DE INTER\u00c9S: \/ckfinder\/userfiles\/files\/CD_N%C2%BA%20134-21%20Aprueba%20curso%20acreditable%20Derecho%2C%20G%C3%A9nero%20e%20Interdisciplina_%20Un%20abordaje%20en%20clave%20de%20derechos%20humanos%2012-04-2021.pdf &nbsp; Archivos Derecho, G\u00e9nero e Interdisciplina cambios Final_Programa 01 Derecho, G\u00e9nero e Interdisciplina cambios Final_Programa 02 Derecho, G\u00e9nero e Interdisciplina cambios Final_Programa 03<\/p>\n","protected":false},"author":12,"featured_media":0,"parent":532,"menu_order":0,"comment_status":"closed","ping_status":"closed","template":"","meta":{"_acf_changed":false,"footnotes":""},"class_list":["post-9519","page","type-page","status-publish","hentry"],"acf":[],"_links":{"self":[{"href":"https:\/\/www.justiciasantafe.gov.ar\/index.php\/wp-json\/wp\/v2\/pages\/9519","targetHints":{"allow":["GET"]}}],"collection":[{"href":"https:\/\/www.justiciasantafe.gov.ar\/index.php\/wp-json\/wp\/v2\/pages"}],"about":[{"href":"https:\/\/www.justiciasantafe.gov.ar\/index.php\/wp-json\/wp\/v2\/types\/page"}],"author":[{"embeddable":true,"href":"https:\/\/www.justiciasantafe.gov.ar\/index.php\/wp-json\/wp\/v2\/users\/12"}],"replies":[{"embeddable":true,"href":"https:\/\/www.justiciasantafe.gov.ar\/index.php\/wp-json\/wp\/v2\/comments?post=9519"}],"version-history":[{"count":0,"href":"https:\/\/www.justiciasantafe.gov.ar\/index.php\/wp-json\/wp\/v2\/pages\/9519\/revisions"}],"up":[{"embeddable":true,"href":"https:\/\/www.justiciasantafe.gov.ar\/index.php\/wp-json\/wp\/v2\/pages\/532"}],"wp:attachment":[{"href":"https:\/\/www.justiciasantafe.gov.ar\/index.php\/wp-json\/wp\/v2\/media?parent=9519"}],"curies":[{"name":"wp","href":"https:\/\/api.w.org\/{rel}","templated":true}]}}