 {"id":9541,"date":"2022-02-18T12:48:05","date_gmt":"2022-02-18T15:48:05","guid":{"rendered":"https:\/\/www.justiciasantafe.gov.ar\/?page_id=9541"},"modified":"2023-11-02T09:02:19","modified_gmt":"2023-11-02T12:02:19","slug":"diplomatura-en-innovacion-y-gestion-judicial-tecnologica","status":"publish","type":"page","link":"https:\/\/www.justiciasantafe.gov.ar\/index.php\/poder-judicial\/prensa\/difusion-de-actividades-de-interes\/diplomatura-en-innovacion-y-gestion-judicial-tecnologica\/","title":{"rendered":"DIPLOMATURA EN INNOVACI\u00d3N Y GESTI\u00d3N JUDICIAL TECNOL\u00d3GICA"},"content":{"rendered":"<p><img loading=\"lazy\" decoding=\"async\" class=\"wp-image-9542 aligncenter\" src=\"https:\/\/www.justiciasantafe.gov.ar\/wp-content\/uploads\/2022\/02\/descarga-300x300.jpg\" alt=\"\" width=\"472\" height=\"472\" srcset=\"https:\/\/www.justiciasantafe.gov.ar\/wp-content\/uploads\/2022\/02\/descarga-300x300.jpg 300w, https:\/\/www.justiciasantafe.gov.ar\/wp-content\/uploads\/2022\/02\/descarga-1024x1024.jpg 1024w, https:\/\/www.justiciasantafe.gov.ar\/wp-content\/uploads\/2022\/02\/descarga-150x150.jpg 150w, https:\/\/www.justiciasantafe.gov.ar\/wp-content\/uploads\/2022\/02\/descarga-768x768.jpg 768w, https:\/\/www.justiciasantafe.gov.ar\/wp-content\/uploads\/2022\/02\/descarga.jpg 1280w\" sizes=\"auto, (max-width: 472px) 100vw, 472px\" \/><\/p>\n<p>&nbsp;<\/p>\n<h4 class=\"post-title\">Archivos<\/h4>\n<table class=\"twelve\">\n<tbody>\n<tr>\n<td>\n<ul class=\"link-list\">\n<li><a href=\"http:\/\/www.justiciasantafe.gov.ar\/ckfinder\/userfiles\/files\/prensa-y-difusion\/difusion-de-actividades-de-intere;s\/6928.jpeg\" target=\"_blank\" rel=\"noopener\">flyer<\/a><\/li>\n<\/ul>\n<\/td>\n<\/tr>\n<\/tbody>\n<\/table>\n<p>&nbsp;<\/p>\n<p>&nbsp;<\/p>\n<div class=\"gsp_post_data\" data-post_type=\"page\" data-cat=\"\" data-modified=\"120\" data-title=\"DIPLOMATURA EN INNOVACI\u00d3N Y GESTI\u00d3N JUDICIAL TECNOL\u00d3GICA\" data-home=\"https:\/\/www.justiciasantafe.gov.ar\"><\/div>","protected":false},"excerpt":{"rendered":"<p>&nbsp; Archivos flyer &nbsp; &nbsp;<\/p>\n","protected":false},"author":12,"featured_media":0,"parent":532,"menu_order":0,"comment_status":"closed","ping_status":"closed","template":"","meta":{"_acf_changed":false,"footnotes":""},"class_list":["post-9541","page","type-page","status-publish","hentry"],"acf":[],"_links":{"self":[{"href":"https:\/\/www.justiciasantafe.gov.ar\/index.php\/wp-json\/wp\/v2\/pages\/9541","targetHints":{"allow":["GET"]}}],"collection":[{"href":"https:\/\/www.justiciasantafe.gov.ar\/index.php\/wp-json\/wp\/v2\/pages"}],"about":[{"href":"https:\/\/www.justiciasantafe.gov.ar\/index.php\/wp-json\/wp\/v2\/types\/page"}],"author":[{"embeddable":true,"href":"https:\/\/www.justiciasantafe.gov.ar\/index.php\/wp-json\/wp\/v2\/users\/12"}],"replies":[{"embeddable":true,"href":"https:\/\/www.justiciasantafe.gov.ar\/index.php\/wp-json\/wp\/v2\/comments?post=9541"}],"version-history":[{"count":0,"href":"https:\/\/www.justiciasantafe.gov.ar\/index.php\/wp-json\/wp\/v2\/pages\/9541\/revisions"}],"up":[{"embeddable":true,"href":"https:\/\/www.justiciasantafe.gov.ar\/index.php\/wp-json\/wp\/v2\/pages\/532"}],"wp:attachment":[{"href":"https:\/\/www.justiciasantafe.gov.ar\/index.php\/wp-json\/wp\/v2\/media?parent=9541"}],"curies":[{"name":"wp","href":"https:\/\/api.w.org\/{rel}","templated":true}]}}